- 34 = -2*h - o. Let f(b) = h*b + 5*b - 21*b + 4. Give f(3).
-11
Let d(v) be the first derivative of -v**4/24 - v**3/3 + 3*v**2/2 + 20*v - 10. Let u(n) be the second derivative of d(n). Calculate u(-5).
3
Let a(w) = w - 44. Let p(s) = 7*s - 172. Let j(g) = -3*a(g) + p(g). Give j(-6).
-64
Let x be 0 - (8/(-28) + 354/14). Let t = x - -27. Let j(n) be the second derivative of -n**3/6 + 2*n**2 + 8*n. Calculate j(t).
2
Let g(m) = -40*m - 6. Suppose 19*c - 10 = 16*c - q, 4 = -3*c + q. What is g(c)?
-46
Let v(r) = 24*r**2 - 7*r - 48. Let d(n) = 47*n**2 - 12*n - 84. Let w(o) = 4*d(o) - 7*v(o). Calculate w(2).
82
Let d(m) be the third derivative of 1/2*m**3 - 106*m**2 + 1/24*m**4 + 0 + 0*m. Determine d(-8).
-5
Suppose o - 5*o - 8 = 0. Let h be (14 + -240)*(-1)/2. Let f(i) = 4*i + 333 - 113 - h - 105 + 2*i**2. Calculate f(o).
2
Let x(c) = -c**2 + c + 12. Suppose 0 = 2*m - 5*b + 224, 0*m = -2*m - 4*b - 260. Let h = -122 - m. What is x(h)?
12
Let i be -7 + 0/(2/(-1)). Let d(y) be the third derivative of -y**4/24 - y**3 + 13*y**2 - 12. Calculate d(i).
1
Let f(s) be the first derivative of s**5/20 + s**4/4 - s**2 + 37*s + 58. Let v(g) be the first derivative of f(g). Calculate v(-3).
-2
Let y(j) = -j**2 - 9*j - 7. Let v(p) = 226*p + 683. Let k be v(-3). Determine y(k).
-77
Let s = 2833 + -2817. Let r(i) = -i**2 + 12*i + 65. Determine r(s).
1
Suppose -10*y = -y - 378. Suppose y*m = 21*m + 19*m. Let r(c) = c**2 + 12. Determine r(m).
12
Let l(x) = -21*x. Let q be l(-4). Let v(o) = 245*o - 1730. Let c be v(7). Let s be (2 - (-36)/c) + q/10. Let t(b) = 2*b - 8. Calculate t(s).
8
Let u(p) = -25 + 10 + 6*p + 9 + 18 - 3*p**2. Give u(-4).
-60
Suppose 14*u - 18*u = -60. Suppose 7*q = u*q + 24. Let l(s) = -6*s + 1. Calculate l(q).
19
Let x(z) = 12*z + 188. Let a = 82 + -98. Determine x(a).
-4
Suppose 27*u + 29*u = 112. Let h(m) be the first derivative of -m + 7 - 1/2*m**u. Give h(-4).
3
Let i(f) be the third derivative of 5*f**4/8 + 13*f**3/2 - 7736*f**2. What is i(-3)?
-6
Suppose 2*y - 1 = 1, 0 = -4*x + 5*y + 3. Let w(t) = 41*t - 37*t - 2*t**x + 0*t**2. Calculate w(3).
-6
Let j(l) = -8*l + 8*l + 9*l - 3*l. Suppose -7*h - 13 = -41. Give j(h).
24
Let m be (-2)/(-9) + 97/9. Suppose -3*j = -d + 7, -5*j + d = 2 + m. Let h(k) be the first derivative of -k**2/2 - 3*k + 9. Calculate h(j).
0
Let d(t) = -2*t - 6 + 3*t**2 - 5*t**2 - 5*t. Suppose -7 = f - i, -f - i = -94 + 95. What is d(f)?
-10
Let g be 15/(-2) - 6*(-5)/(-60). Let l(p) = -p**2 - 9*p - 8. Let n be l(g). Let k be (n + 12/(-8) + 1)*0. Let y(s) = s**2 - 5. Determine y(k).
-5
Let p(g) = 15*g + 2. Suppose v = r - 7, -21*v + 17*v = -3*r + 24. What is p(r)?
62
Let t = 87 + -71. Suppose 0 = 5*b - t + 21. Let q(y) = y + 3. Calculate q(b).
2
Let y = -251 - -246. Let s(i) = -i**3 - i**2 + i. Let c(f) = -4*f**3 - 9*f**2 - 4*f + 1. Let o(z) = -c(z) + 3*s(z). What is o(y)?
-11
Let j(k) be the second derivative of -k**4/12 + 29*k**3/6 - 30*k**2 - 1886*k. Determine j(27).
-6
Let u(d) = -37*d**2 - d - 1. Let z be 2/5 + 7 + 18/30. Suppose 10*g + z + 2 = 0. Give u(g).
-37
Let y(d) = -d**2 + 11*d - 11. Let q(r) = -276*r + 1383. Let w be q(5). Calculate y(w).
13
Let b(r) = -r - 17. Suppose -17*n + 53*n - 570 = -78*n. What is b(n)?
-22
Suppose 57 = -4*r + 45. Let a be 1/8 - r/(-24). Let l(y) = 5*y**2 - 3 - y - 5*y**2 + y**2. Give l(a).
-3
Let a be ((-7)/((-105)/(-36)))/((-265)/25 + 10). Let c(w) = -w**2 - w - 1. Let t(o) = 4*o**2 + 6*o + 9. Let h(y) = 5*c(y) + t(y). Determine h(a).
-8
Let u(v) = -v**3 + 16*v**2 - 51*v + 39. Let o be u(12). Let f(s) = -o*s - 3896*s**2 - 7 - s**3 + 1944*s**2 + 1946*s**2. What is f(-6)?
11
Let f(k) = k**3 - 28*k**2 + 171*k - 3. Suppose -109 - 54 = -24*v + 53. Give f(v).
-3
Suppose -59 = -4*u + 2*u - 3*y, 2*y - 81 = -3*u. Suppose u = 5*t + 3*v, -2*t - 16 = -0*t - 4*v. Let w(z) = 1 - 2 - 3*z**t + 2*z**2 - z - 6*z. Calculate w(-5).
9
Let b(z) = -z**3 - 4*z**2 - z - 3. Suppose -34 = 5*u - 3*x, 0*x - 3*x = 3*u + 30. Let h = -2 - u. Suppose -h*r - 6 = 12. Determine b(r).
-9
Let n(m) = -2*m**3 + m**2 - 1. Suppose 5*i - 20 + 16 = 4*x, 2*i = 5*x + 5. What is n(x)?
2
Let m = 307 - 305. Let c(n) = 2*n**3 - 3*n**2 + 3*n + 3. Give c(m).
13
Let b be (23 + (-1975)/75)*(-6)/4 - 0. Let m(v) = -v**2 - v - 9. What is m(b)?
-39
Suppose 4*m - 17 = 19. Let f be (-3)/m - 0 - 35/(-15). Let a(x) = 0*x**2 + x**f + 24 - x - 28. Calculate a(3).
2
Let k = -435 + 627. Let s = -188 + k. Let z(a) = 0 + 2*a - 3 + 0*a. Determine z(s).
5
Let o = 15 + -45. Let q = o + 26. Let v(x) = -x + 1. Let t(f) = f**3 + 3*f**2 - 9*f + 1. Let i(r) = t(r) - 4*v(r). Calculate i(q).
1
Suppose -2*k + 60 = 2*s, 5*k - 6*k + 3*s + 46 = 0. Let f(o) = k + 10 - 52 - 3*o. What is f(-3)?
1
Let u(y) be the second derivative of -2*y**4/3 - y**3/3 + 2*y**2 - 741*y - 2. Give u(-4).
-116
Let l(i) = -313*i**3 - 3*i**2 - 34*i + 38*i**2 + 0 + 312*i**3 + 4. Let s be l(34). Let g(q) = q**2 - 2*q - 4. Calculate g(s).
4
Suppose 6*h - 4*h = -6. Let n(x) = x**2 - 5. Let o be n(h). Suppose 2*w - 2*v + o = 0, 4*w + 4*v = -0*w. Let t(l) = -3*l**3. Determine t(w).
3
Let s be (-2 - -1)*1*(-57 + 53). Let d(u) = 0*u**2 - 2*u**3 - u**2 - 4*u + 3*u**3 + 0*u**3 + s*u**2. What is d(-5)?
-30
Let y be 2142/(-357) + (-3)/((-3)/(-14)) + 7. Let a(z) = z**3 + 14*z**2 + 13*z + 4. Give a(y).
4
Suppose 3*b + 6 = w - 5*w, b = 4*w + 14. Let y(f) = 1 - 27*f**2 + 9*f**b + 5*f**2 + 7*f**2. What is y(-1)?
-5
Let v(u) = u**2 - 6*u - 2. Suppose 191 + 145 = -7*h. Let y be -7 + 5 + -54 + 3. Let m = h - y. Give v(m).
-7
Let d(m) = 12*m - 9*m - 8*m - 4*m**2 + 1 + 8*m. Determine d(4).
-51
Let b(j) = 4*j**3 - 1. Let m(g) = 17*g**3 + g**2 + g - 9. Let n(t) = -4*b(t) + m(t). What is n(2)?
9
Let i(r) = 30*r**2 - 2*r + 1. Let s(o) = 72*o**2 - 3*o + 1. Let h(g) = -5*i(g) + 2*s(g). Let n(k) = k**3 + 6*k**2 + 5*k + 2. Let f be n(-5). What is h(f)?
-19
Let b(p) = -p**3 + 25*p**2 - 48*p - 33004 + 16440 + 16473 - 72*p**2. Determine b(-46).
1
Let u(g) = -3*g - 15. Let h be u(-6). Suppose -2*o + 7 = -3*k + 3*o, -9 = k - h*o. Let f(q) = 0*q**3 - 10*q**2 - 7*q - q**3 + 2*q**2 + 3*q + k. Determine f(-7).
-15
Suppose -2*i + 241 = -5*a, 3*i = -i - a + 515. Suppose -i = -9*h - 74. Let o(m) = -m**2 + 7*m - 9. Calculate o(h).
-3
Let o be ((-1)/2)/(1/(-34)). Let z(t) = 2*t**2 - 33*t - 13. Determine z(o).
4
Let m(q) = q**3 + 10*q**2 + 11*q + 9. Let p = 711 + -720. Determine m(p).
-9
Let v = -8610 - -16435. Suppose 5*k - s - v = 0, k + s = -0*s + 1559. Let u(b) = 5*b + k - b**3 - 1564 + 5*b**2. Determine u(6).
-6
Let s(w) = 23*w + 19. Let i(q) = -31*q - 29. Let a(j) = -2*i(j) - 3*s(j). Suppose -2*d - 4*y - 10 = 0, -d - 5*y - 14 = -0. Calculate a(d).
-6
Suppose -2*b = 28 - 30. Let p(a) = 2773*a - b - 2774*a - 2 - a**2. Give p(-4).
-15
Let j(v) = -v**3 - 5*v**2 - 4*v - 6. Let f = 20 + -18. Let i be (-40 - (-3 + f))*(-49)/(-21). Let k = -95 - i. Calculate j(k).
-6
Let l(r) = r**2 - 3*r + 1. Let w be l(3). Let k = 14 - w. Let x(p) = -p**2 - 6 - 2*p - 8 + k. Calculate x(-3).
-4
Let d(y) = y**3 - 5*y**2 - 70*y + 302. Let t be d(4). Let n(q) be the first derivative of -t - 7/3*q**3 + 4*q - 3*q**2 + 1/4*q**4. Give n(8).
20
Let u(b) = 6*b**3 + 4*b**3 - 9*b**3 + b. Let o(s) = -3*s**3 + 7*s**2. Let h(q) = -o(q) - 4*u(q). Suppose 5*r + 336 = -43*r. Calculate h(r).
28
Let r(y) = -y**2 - 108*y + 448. Let j be r(4). Let s(g) be the second derivative of -1/6*g**3 + 0 + 2*g + 7/2*g**2. Calculate s(j).
7
Suppose -4 = 2*b - 14. Suppose 4*r + 0*r - b = -y, 5*r + 25 = 5*y. Let a(x) = r*x + 0*x - 34 + x**3 - 6*x**2 + 36. What is a(6)?
2
Suppose 4*w - 3 - 9 = 0. Suppose -w*v = v + 8. Let q(g) = 4*g + 3 - 142*g**2 - 145*g**2 - g + 288*g**2. Determine q(v).
1
Let h(y) = -35*y - 69. Let m(j) = -8*j - 17. Let z = -459 - -450. Let v(n) = z*m(n) + 2*h(n). What is v(-13)?
-11
Suppose -2*g = 8, -6*p + 4*p - g - 24 = 0. Let z(c) = 2*c**3 + 20*c**2 - 4*c - 48. Give z(p).
-8
Let f(v) = v**2 - v - 1. Let a(k) = -10*k + 5. Let d be a(1). Let t be d/4 - 4/(48/9). Determine f(t).
5
Let r be 26/(-832)*-32*0. Let o(k) be the second derivative of -k**4/12 - 12*k**2 - k. Calculate o(r).
-24
Let t(q) = 5*q - 24. Let c = 5938 - 5934. Determine t(c).
-4
Let z(b) = 49*b**2 - 6*b + 2. Let f be z(3). Let x = 424 - f. Let s(q) = -8*q**3 + q**2 + q. Give s(x).
8
Suppose -6 = 2*